{"id":179,"date":"2018-04-27T17:08:03","date_gmt":"2018-04-27T17:08:03","guid":{"rendered":"https:\/\/alexander.teixeirakalkhoff.eu\/?page_id=179"},"modified":"2025-10-23T14:30:45","modified_gmt":"2025-10-23T14:30:45","slug":"aktuelles","status":"publish","type":"page","link":"https:\/\/alexander.teixeirakalkhoff.eu\/","title":{"rendered":"AKTUELLES"},"content":{"rendered":"\n<p>Publikation der Festschrift f\u00fcr Prof. Dr. Maria Selig (Universit\u00e4t Regensburg) anl\u00e4sslich ihrer Pensionierung durch ihre Sch\u00fcler Laura Linzmeier, Evelyne Wiesinger und Alexander M. Teixeira Kalkhoff<\/p>\n\n\n\n<p><\/p>\n","protected":false},"excerpt":{"rendered":"<p>Publikation der Festschrift f\u00fcr Prof. Dr. Maria Selig (Universit\u00e4t Regensburg) anl\u00e4sslich ihrer Pensionierung durch ihre Sch\u00fcler Laura Linzmeier, Evelyne Wiesinger und Alexander M. Teixeira Kalkhoff<\/p>\n","protected":false},"author":1,"featured_media":0,"parent":0,"menu_order":0,"comment_status":"closed","ping_status":"closed","template":"","meta":{"footnotes":""},"_links":{"self":[{"href":"https:\/\/alexander.teixeirakalkhoff.eu\/index.php?rest_route=\/wp\/v2\/pages\/179"}],"collection":[{"href":"https:\/\/alexander.teixeirakalkhoff.eu\/index.php?rest_route=\/wp\/v2\/pages"}],"about":[{"href":"https:\/\/alexander.teixeirakalkhoff.eu\/index.php?rest_route=\/wp\/v2\/types\/page"}],"author":[{"embeddable":true,"href":"https:\/\/alexander.teixeirakalkhoff.eu\/index.php?rest_route=\/wp\/v2\/users\/1"}],"replies":[{"embeddable":true,"href":"https:\/\/alexander.teixeirakalkhoff.eu\/index.php?rest_route=%2Fwp%2Fv2%2Fcomments&post=179"}],"version-history":[{"count":68,"href":"https:\/\/alexander.teixeirakalkhoff.eu\/index.php?rest_route=\/wp\/v2\/pages\/179\/revisions"}],"predecessor-version":[{"id":919,"href":"https:\/\/alexander.teixeirakalkhoff.eu\/index.php?rest_route=\/wp\/v2\/pages\/179\/revisions\/919"}],"wp:attachment":[{"href":"https:\/\/alexander.teixeirakalkhoff.eu\/index.php?rest_route=%2Fwp%2Fv2%2Fmedia&parent=179"}],"curies":[{"name":"wp","href":"https:\/\/api.w.org\/{rel}","templated":true}]}}